{"id":303,"date":"2022-02-02T10:57:50","date_gmt":"2022-02-02T09:57:50","guid":{"rendered":"https:\/\/www-2021.edilearchitettura.ing.uniroma2.it\/?page_id=303"},"modified":"2022-02-27T15:53:44","modified_gmt":"2022-02-27T14:53:44","slug":"303-2","status":"publish","type":"page","link":"https:\/\/edilearchitettura.ing.uniroma2.it\/?page_id=303","title":{"rendered":"Progettazione Architettonica e Urbanistica"},"content":{"rendered":"\n<p><\/p>\n\n\n\n<p class=\"has-text-color\" style=\"color:#072bb8\"><strong>Conoscenza e comprensione<\/strong><\/p>\n\n\n\n<p>I laureati del corso di laurea a ciclo unico in Ingegneria Edile-Architettura acquisteranno una conoscenza e una comprensione approfondita dei principi della composizione architettonica e della progettazione a tutte le scale, da quella dell\u2019edificio, del progetto urbano e del paesaggio, oltre ad una consapevolezza critica dei pi\u00f9 recenti sviluppi e campi di applicazione interdisciplinare, rivolti alla progettazione di soluzioni coerenti con le attuali sfide della contemporaneit\u00e0.\u00a0<\/p>\n\n\n\n<p>Dovranno avere una conoscenza dei fondamenti della storia dell\u2019architettura fino ai nostri giorni e comprenderne la sua importanza come momento di sintesi e di crescita intellettuale. Ci\u00f2 completer\u00e0 una figura di progettista consapevole degli aspetti umanistici e storico critici dell\u2019architettura in genere.<\/p>\n\n\n\n<p>Dovranno avere conoscenza dei fondamenti del restauro architettonico, ovvero delle metodologie indispensabili all\u2019analisi approfondita dell\u2019edificio, delle sue caratteristiche artistiche, storiche, strutturali e materiche, finalizzate alla redazione del progetto di restauro nei suoi diversi aspetti.<\/p>\n\n\n\n<p>Dovranno inoltre avere la capacit\u00e0 di confrontarsi e di dare soluzioni progettuali ai temi della rigenerazione e riqualificazione in ambiti urbani ed extraurbani con una visione di pianificazione organica e di controllo delle trasformazioni del territorio e della citt\u00e0.<\/p>\n\n\n\n<p>Dovranno essere capaci di formulare, con una visione critica, modelli di interpretazione per le trasformazioni alla scala urbana e a quella del territorio, alla sua tutela e alla sua valorizzazione. Applicare le conoscenza acquisite in aree nuove ed emergenti per la loro specializzazione; dovranno inoltre utilizzare la propria conoscenza e la propria comprensione per concettualizzare modelli, sistemi e processi della progettazione architettonica applicando anche, metodi innovativi nella soluzione dei problemi.<\/p>\n\n\n\n<p>Le attivit\u00e0 formative previste sono calibrate a questo scopo. Le modalit\u00e0 didattiche previste per incrementare la conoscenza e le capacit\u00e0 di comprensione sono principalmente la didattica frontale, l&#8217;approfondimento autonomo e specifico sperimentato attraverso la ricerca bibliografica, le conferenze, le letture dei docenti, le visite nei cantieri di nuove opere pubbliche qualificate e la partecipazione alle attivit\u00e0 dei laboratori di progettazione architettonica nei vari anni di corso. <\/p>\n\n\n\n<p>&#8211; tutoraggio allo studente durante l\u2019elaborazione di progetti su temi guidati dal docente e soggetti a revisione individuale eseguita anche da cultori della materia; <\/p>\n\n\n\n<p>&#8211; assistenza nella redazione di elaborati grafici, nella realizzazione di modelli virtuali e fisici; <\/p>\n\n\n\n<p>&#8211; training di tecniche di simulazione e di ottimizzazione grafica.<\/p>\n\n\n\n<p><\/p>\n\n\n\n<p class=\"has-text-color\" style=\"color:#072bb8\"><strong>Capacit\u00e0 di applicare conoscenza e comprensione<\/strong><\/p>\n\n\n\n<p>I laureati del corso di laurea a ciclo unico in Ingegneria edile-architettura dovranno avere la capacit\u00e0 di usare la propria conoscenza e la propria comprensione per progettare soluzioni di problemi poco noti, che richiedono di interagire con altre competenze e di conoscerne i principi; devono essere in grado di usare la propria creativit\u00e0 per sviluppare idee e metodi nuovi e originali; devono essere capaci di usare il proprio discernimento di ingegneri e di architetti per operare in presenza di situazioni complesse, incertezze tecniche e informazioni incomplete.<br>Le attivit\u00e0 formative previste nel campo della progettazione architettonica sono calibrate a questo scopo e le modalit\u00e0 didattiche previste per incrementare la capacit\u00e0 di applicare conoscenza e comprensione consistono in diverse attivit\u00e0 di accompagnamento:<\/p>\n\n\n\n<p>Il lavoro individuale viene costantemente monitorato e sottoposto a revisione, al fine di suggerire le giuste direzioni e stimolare il lavoro. I risultati di apprendimento sono verificati attraverso la valutazione conclusiva degli elaborati individuali (di tutti i tipi: disegni, tavole, video, fogli di lavoro, plastici e modelli, ecc. ) e la presentazione dei lavori individuali o in gruppo in pubblico (in genere, la classe di colleghi o a tutta la comunit\u00e0 di studenti e docenti).<\/p>\n\n\n\n<p><\/p>\n\n\n\n<p><\/p>\n\n\n\n<p><\/p>\n\n\n\n<p><\/p>\n","protected":false},"excerpt":{"rendered":"<p>Conoscenza e comprensione I laureati del corso di laurea a ciclo unico in Ingegneria Edile-Architettura acquisteranno una conoscenza e una comprensione approfondita dei principi della composizione architettonica e della progettazione a tutte le scale, da quella dell\u2019edificio, del progetto urbano<\/p>\n","protected":false},"author":2,"featured_media":0,"parent":230,"menu_order":0,"comment_status":"closed","ping_status":"closed","template":"","meta":{"footnotes":""},"categories":[],"tags":[],"class_list":["post-303","page","type-page","status-publish","hentry"],"_links":{"self":[{"href":"https:\/\/edilearchitettura.ing.uniroma2.it\/index.php?rest_route=\/wp\/v2\/pages\/303","targetHints":{"allow":["GET"]}}],"collection":[{"href":"https:\/\/edilearchitettura.ing.uniroma2.it\/index.php?rest_route=\/wp\/v2\/pages"}],"about":[{"href":"https:\/\/edilearchitettura.ing.uniroma2.it\/index.php?rest_route=\/wp\/v2\/types\/page"}],"author":[{"embeddable":true,"href":"https:\/\/edilearchitettura.ing.uniroma2.it\/index.php?rest_route=\/wp\/v2\/users\/2"}],"replies":[{"embeddable":true,"href":"https:\/\/edilearchitettura.ing.uniroma2.it\/index.php?rest_route=%2Fwp%2Fv2%2Fcomments&post=303"}],"version-history":[{"count":8,"href":"https:\/\/edilearchitettura.ing.uniroma2.it\/index.php?rest_route=\/wp\/v2\/pages\/303\/revisions"}],"predecessor-version":[{"id":486,"href":"https:\/\/edilearchitettura.ing.uniroma2.it\/index.php?rest_route=\/wp\/v2\/pages\/303\/revisions\/486"}],"up":[{"embeddable":true,"href":"https:\/\/edilearchitettura.ing.uniroma2.it\/index.php?rest_route=\/wp\/v2\/pages\/230"}],"wp:attachment":[{"href":"https:\/\/edilearchitettura.ing.uniroma2.it\/index.php?rest_route=%2Fwp%2Fv2%2Fmedia&parent=303"}],"wp:term":[{"taxonomy":"category","embeddable":true,"href":"https:\/\/edilearchitettura.ing.uniroma2.it\/index.php?rest_route=%2Fwp%2Fv2%2Fcategories&post=303"},{"taxonomy":"post_tag","embeddable":true,"href":"https:\/\/edilearchitettura.ing.uniroma2.it\/index.php?rest_route=%2Fwp%2Fv2%2Ftags&post=303"}],"curies":[{"name":"wp","href":"https:\/\/api.w.org\/{rel}","templated":true}]}}