{"id":69,"date":"2021-11-30T11:29:08","date_gmt":"2021-11-30T10:29:08","guid":{"rendered":"https:\/\/www-2021.edilearchitettura.ing.uniroma2.it\/?page_id=69"},"modified":"2026-02-21T18:47:59","modified_gmt":"2026-02-21T17:47:59","slug":"orari-lezioni","status":"publish","type":"page","link":"https:\/\/edilearchitettura.ing.uniroma2.it\/?page_id=69","title":{"rendered":"Orario lezioni 2025-26"},"content":{"rendered":"\n<div class=\"wp-block-buttons is-layout-flex wp-block-buttons-is-layout-flex\">\n<div class=\"wp-block-button is-style-fill\"><a class=\"wp-block-button__link has-white-color has-text-color has-background wp-element-button\" href=\"https:\/\/easyutv.uniroma2.it\/agendaweb\/index.php?view=easycourse&amp;form-type=corso&amp;include=corso&amp;txtcurr=1+-+Percorso+comune&amp;anno=2025&amp;scuola=FacoltadiIngegneria&amp;corso=J53&amp;anno2%5B%5D=comune%7C1&amp;visualizzazione_orario=std&amp;date=08-02-2026&amp;periodo_didattico=S2&amp;_lang=it&amp;list=&amp;week_grid_type=-1&amp;ar_codes_=&amp;ar_select_=&amp;col_cells=0&amp;empty_box=0&amp;only_grid=0&amp;highlighted_date=0&amp;all_events=0&amp;faculty_group=0#\" style=\"background-color:#002fa7\">II semestre I anno <\/a><\/div>\n<\/div>\n\n\n\n<p><\/p>\n\n\n\n<div class=\"wp-block-buttons is-layout-flex wp-block-buttons-is-layout-flex\">\n<div class=\"wp-block-button is-style-fill\"><a class=\"wp-block-button__link has-white-color has-text-color has-background wp-element-button\" href=\"https:\/\/easyutv.uniroma2.it\/agendaweb\/index.php?view=easycourse&amp;form-type=corso&amp;include=corso&amp;txtcurr=2+-+Percorso+comune&amp;anno=2025&amp;scuola=FacoltadiIngegneria&amp;corso=J53&amp;anno2%5B%5D=comune%7C2&amp;visualizzazione_orario=std&amp;date=08-02-2026&amp;periodo_didattico=S2&amp;_lang=it&amp;list=&amp;week_grid_type=-1&amp;ar_codes_=&amp;ar_select_=&amp;col_cells=0&amp;empty_box=0&amp;only_grid=0&amp;highlighted_date=0&amp;all_events=0&amp;faculty_group=0#\" style=\"background-color:#002fa7\">II semestre II anno<\/a><\/div>\n<\/div>\n\n\n\n<p><\/p>\n\n\n\n<div class=\"wp-block-buttons is-layout-flex wp-block-buttons-is-layout-flex\">\n<div class=\"wp-block-button is-style-fill\"><a class=\"wp-block-button__link has-white-color has-text-color has-background wp-element-button\" href=\"https:\/\/easyutv.uniroma2.it\/agendaweb\/index.php?view=easycourse&amp;form-type=corso&amp;include=corso&amp;txtcurr=3+-+Percorso+comune&amp;anno=2025&amp;scuola=FacoltadiIngegneria&amp;corso=J53&amp;anno2%5B%5D=comune%7C3&amp;visualizzazione_orario=std&amp;date=08-02-2026&amp;periodo_didattico=S2&amp;_lang=it&amp;list=&amp;week_grid_type=-1&amp;ar_codes_=&amp;ar_select_=&amp;col_cells=0&amp;empty_box=0&amp;only_grid=0&amp;highlighted_date=0&amp;all_events=0&amp;faculty_group=0#\" style=\"background-color:#002fa7\">II semestre III anno<\/a><\/div>\n<\/div>\n\n\n\n<p><\/p>\n\n\n\n<div class=\"wp-block-buttons is-layout-flex wp-block-buttons-is-layout-flex\">\n<div class=\"wp-block-button is-style-fill\"><a class=\"wp-block-button__link has-white-color has-text-color has-background wp-element-button\" href=\"https:\/\/easyutv.uniroma2.it\/agendaweb\/index.php?view=easycourse&amp;form-type=corso&amp;include=corso&amp;txtcurr=4+-+Percorso+comune&amp;anno=2025&amp;scuola=FacoltadiIngegneria&amp;corso=J53&amp;anno2%5B%5D=comune%7C4&amp;visualizzazione_orario=std&amp;date=08-02-2026&amp;periodo_didattico=S2&amp;_lang=it&amp;list=&amp;week_grid_type=-1&amp;ar_codes_=&amp;ar_select_=&amp;col_cells=0&amp;empty_box=0&amp;only_grid=0&amp;highlighted_date=0&amp;all_events=0&amp;faculty_group=0#\" style=\"background-color:#002fa7\">II semestre IV anno<\/a><\/div>\n<\/div>\n\n\n\n<p><\/p>\n\n\n\n<div class=\"wp-block-buttons is-layout-flex wp-block-buttons-is-layout-flex\">\n<div class=\"wp-block-button is-style-fill\"><a class=\"wp-block-button__link has-white-color has-text-color has-background wp-element-button\" href=\"https:\/\/easyutv.uniroma2.it\/agendaweb\/index.php?view=easycourse&amp;form-type=corso&amp;include=corso&amp;txtcurr=5+-+Percorso+comune&amp;anno=2025&amp;scuola=FacoltadiIngegneria&amp;corso=J53&amp;anno2%5B%5D=comune%7C5&amp;visualizzazione_orario=std&amp;date=08-02-2026&amp;periodo_didattico=S2&amp;_lang=it&amp;list=&amp;week_grid_type=-1&amp;ar_codes_=&amp;ar_select_=&amp;col_cells=0&amp;empty_box=0&amp;only_grid=0&amp;highlighted_date=0&amp;all_events=0&amp;faculty_group=0#\" style=\"background-color:#002fa7\">II semestre V anno<\/a><\/div>\n<\/div>\n\n\n\n<p><\/p>\n\n\n\n<p><strong>Avviso<\/strong>:\u00a0Luned\u00ec 2 marzo\u00a0il\u00a0Laboratorio di\u00a0Architettura Tecnica 1 (AT1)\u00a0non si terr\u00e0; il primo giorno di lezione sar\u00e0 marted\u00ec 3 marzo, secondo l\u2019orario gi\u00e0 pubblicato.<\/p>\n\n\n\n<p><strong>Avviso<\/strong>:\u00a0Luned\u00ec 2 marzo\u00a0le lezioni degli insegnamenti di\u00a0Legislazione OO.PP.\u00a0(LOP) e di\u00a0Ingegneria Forense\u00a0(IF) non si terranno; le prime lezioni dei due insegnamenti si terranno a partire da venerd\u00ec 6 marzo, secondo l\u2019orario gi\u00e0 pubblicato.<\/p>\n","protected":false},"excerpt":{"rendered":"<p>Avviso:\u00a0Luned\u00ec 2 marzo\u00a0il\u00a0Laboratorio di\u00a0Architettura Tecnica 1 (AT1)\u00a0non si terr\u00e0; il primo giorno di lezione sar\u00e0 marted\u00ec 3 marzo, secondo l\u2019orario gi\u00e0 pubblicato. Avviso:\u00a0Luned\u00ec 2 marzo\u00a0le lezioni degli insegnamenti di\u00a0Legislazione OO.PP.\u00a0(LOP) e di\u00a0Ingegneria Forense\u00a0(IF) non si terranno; le prime lezioni dei<\/p>\n","protected":false},"author":1,"featured_media":0,"parent":49,"menu_order":0,"comment_status":"closed","ping_status":"closed","template":"","meta":{"footnotes":""},"categories":[],"tags":[],"class_list":["post-69","page","type-page","status-publish","hentry"],"_links":{"self":[{"href":"https:\/\/edilearchitettura.ing.uniroma2.it\/index.php?rest_route=\/wp\/v2\/pages\/69","targetHints":{"allow":["GET"]}}],"collection":[{"href":"https:\/\/edilearchitettura.ing.uniroma2.it\/index.php?rest_route=\/wp\/v2\/pages"}],"about":[{"href":"https:\/\/edilearchitettura.ing.uniroma2.it\/index.php?rest_route=\/wp\/v2\/types\/page"}],"author":[{"embeddable":true,"href":"https:\/\/edilearchitettura.ing.uniroma2.it\/index.php?rest_route=\/wp\/v2\/users\/1"}],"replies":[{"embeddable":true,"href":"https:\/\/edilearchitettura.ing.uniroma2.it\/index.php?rest_route=%2Fwp%2Fv2%2Fcomments&post=69"}],"version-history":[{"count":25,"href":"https:\/\/edilearchitettura.ing.uniroma2.it\/index.php?rest_route=\/wp\/v2\/pages\/69\/revisions"}],"predecessor-version":[{"id":1721,"href":"https:\/\/edilearchitettura.ing.uniroma2.it\/index.php?rest_route=\/wp\/v2\/pages\/69\/revisions\/1721"}],"up":[{"embeddable":true,"href":"https:\/\/edilearchitettura.ing.uniroma2.it\/index.php?rest_route=\/wp\/v2\/pages\/49"}],"wp:attachment":[{"href":"https:\/\/edilearchitettura.ing.uniroma2.it\/index.php?rest_route=%2Fwp%2Fv2%2Fmedia&parent=69"}],"wp:term":[{"taxonomy":"category","embeddable":true,"href":"https:\/\/edilearchitettura.ing.uniroma2.it\/index.php?rest_route=%2Fwp%2Fv2%2Fcategories&post=69"},{"taxonomy":"post_tag","embeddable":true,"href":"https:\/\/edilearchitettura.ing.uniroma2.it\/index.php?rest_route=%2Fwp%2Fv2%2Ftags&post=69"}],"curies":[{"name":"wp","href":"https:\/\/api.w.org\/{rel}","templated":true}]}}

<div class="wp-block-buttons is-layout-flex wp-block-buttons-is-layout-flex">
<div class="wp-block-button is-style-fill"><a class="wp-block-button__link has-white-color has-text-color has-background wp-element-button" href="https://easyutv.uniroma2.it/agendaweb/index.php?view=easycourse&amp;form-type=corso&amp;include=corso&amp;txtcurr=1+-+Percorso+comune&amp;anno=2025&amp;scuola=FacoltadiIngegneria&amp;corso=J53&amp;anno2%5B%5D=comune%7C1&amp;visualizzazione_orario=std&amp;date=08-02-2026&amp;periodo_didattico=S2&amp;_lang=it&amp;list=&amp;week_grid_type=-1&amp;ar_codes_=&amp;ar_select_=&amp;col_cells=0&amp;empty_box=0&amp;only_grid=0&amp;highlighted_date=0&amp;all_events=0&amp;faculty_group=0#" style="background-color:#002fa7">II semestre I anno </a></div>
</div>



<p></p>



<div class="wp-block-buttons is-layout-flex wp-block-buttons-is-layout-flex">
<div class="wp-block-button is-style-fill"><a class="wp-block-button__link has-white-color has-text-color has-background wp-element-button" href="https://easyutv.uniroma2.it/agendaweb/index.php?view=easycourse&amp;form-type=corso&amp;include=corso&amp;txtcurr=2+-+Percorso+comune&amp;anno=2025&amp;scuola=FacoltadiIngegneria&amp;corso=J53&amp;anno2%5B%5D=comune%7C2&amp;visualizzazione_orario=std&amp;date=08-02-2026&amp;periodo_didattico=S2&amp;_lang=it&amp;list=&amp;week_grid_type=-1&amp;ar_codes_=&amp;ar_select_=&amp;col_cells=0&amp;empty_box=0&amp;only_grid=0&amp;highlighted_date=0&amp;all_events=0&amp;faculty_group=0#" style="background-color:#002fa7">II semestre II anno</a></div>
</div>



<p></p>



<div class="wp-block-buttons is-layout-flex wp-block-buttons-is-layout-flex">
<div class="wp-block-button is-style-fill"><a class="wp-block-button__link has-white-color has-text-color has-background wp-element-button" href="https://easyutv.uniroma2.it/agendaweb/index.php?view=easycourse&amp;form-type=corso&amp;include=corso&amp;txtcurr=3+-+Percorso+comune&amp;anno=2025&amp;scuola=FacoltadiIngegneria&amp;corso=J53&amp;anno2%5B%5D=comune%7C3&amp;visualizzazione_orario=std&amp;date=08-02-2026&amp;periodo_didattico=S2&amp;_lang=it&amp;list=&amp;week_grid_type=-1&amp;ar_codes_=&amp;ar_select_=&amp;col_cells=0&amp;empty_box=0&amp;only_grid=0&amp;highlighted_date=0&amp;all_events=0&amp;faculty_group=0#" style="background-color:#002fa7">II semestre III anno</a></div>
</div>



<p></p>



<div class="wp-block-buttons is-layout-flex wp-block-buttons-is-layout-flex">
<div class="wp-block-button is-style-fill"><a class="wp-block-button__link has-white-color has-text-color has-background wp-element-button" href="https://easyutv.uniroma2.it/agendaweb/index.php?view=easycourse&amp;form-type=corso&amp;include=corso&amp;txtcurr=4+-+Percorso+comune&amp;anno=2025&amp;scuola=FacoltadiIngegneria&amp;corso=J53&amp;anno2%5B%5D=comune%7C4&amp;visualizzazione_orario=std&amp;date=08-02-2026&amp;periodo_didattico=S2&amp;_lang=it&amp;list=&amp;week_grid_type=-1&amp;ar_codes_=&amp;ar_select_=&amp;col_cells=0&amp;empty_box=0&amp;only_grid=0&amp;highlighted_date=0&amp;all_events=0&amp;faculty_group=0#" style="background-color:#002fa7">II semestre IV anno</a></div>
</div>



<p></p>



<div class="wp-block-buttons is-layout-flex wp-block-buttons-is-layout-flex">
<div class="wp-block-button is-style-fill"><a class="wp-block-button__link has-white-color has-text-color has-background wp-element-button" href="https://easyutv.uniroma2.it/agendaweb/index.php?view=easycourse&amp;form-type=corso&amp;include=corso&amp;txtcurr=5+-+Percorso+comune&amp;anno=2025&amp;scuola=FacoltadiIngegneria&amp;corso=J53&amp;anno2%5B%5D=comune%7C5&amp;visualizzazione_orario=std&amp;date=08-02-2026&amp;periodo_didattico=S2&amp;_lang=it&amp;list=&amp;week_grid_type=-1&amp;ar_codes_=&amp;ar_select_=&amp;col_cells=0&amp;empty_box=0&amp;only_grid=0&amp;highlighted_date=0&amp;all_events=0&amp;faculty_group=0#" style="background-color:#002fa7">II semestre V anno</a></div>
</div>



<p></p>



<p><strong>Avviso</strong>: Lunedì 2 marzo il Laboratorio di Architettura Tecnica 1 (AT1) non si terrà; il primo giorno di lezione sarà martedì 3 marzo, secondo l’orario già pubblicato.</p>



<p><strong>Avviso</strong>: Lunedì 2 marzo le lezioni degli insegnamenti di Legislazione OO.PP. (LOP) e di Ingegneria Forense (IF) non si terranno; le prime lezioni dei due insegnamenti si terranno a partire da venerdì 6 marzo, secondo l’orario già pubblicato.</p>

<p>Avviso: Lunedì 2 marzo il Laboratorio di Architettura Tecnica 1 (AT1) non si terrà; il primo giorno di lezione sarà martedì 3 marzo, secondo l’orario già pubblicato. Avviso: Lunedì 2 marzo le lezioni degli insegnamenti di Legislazione OO.PP. (LOP) e di Ingegneria Forense (IF) non si terranno; le prime lezioni dei</p>
